D/AndroidRuntime( 313): >>>>>>>>>>>>>> AndroidRuntime START <<<<<<<<<<<<<<
D/AndroidRuntime( 313): CheckJNI is ON
D/AndroidRuntime( 313): --- registering native functions ---
I/ActivityManager( 60): Starting activity: Intent { act=android.intent.action.MAIN cat=[android.intent.category.LAUNCHER] flg=0x10000000 cmp=com.appcelerator.TabGroup/.TabgroupActivity }
D/AndroidRuntime( 313): Shutting down VM
D/jdwp ( 313): adbd disconnected
I/ActivityManager( 60): Start proc com.appcelerator.TabGroup for activity com.appcelerator.TabGroup/.TabgroupActivity: pid=319 uid=10042 gids={1015, 3003}
I/dalvikvm( 313): JNI: AttachCurrentThread (from ???.???)
I/AndroidRuntime( 313): NOTE: attach of thread 'Binder Thread #3' failed
I/TiApplication( 319): (main) [0,0] checkpoint, app created.
I/TiApplication( 319): (main) [503,503] Titanium 1.8.1 (2012/01/27 17:31 a24502a)
I/TiDbHelper( 319): (main) [147,650] No value in database for platform key: 'unique_machine_id' returning supplied default ''
D/dalvikvm( 319): GC_FOR_MALLOC freed 3549 objects / 343168 bytes in 64ms
I/TiDbHelper( 319): (main) [81,731] No value in database for platform key: 'hardware_machine_id' returning supplied default ''
E/TiPlatformHelper( 319): (main) [2,733] renaming ID
D/TiFastDev( 319): (main) [129,862] Enabling Fastdev on port 54051
D/TiFastDev( 319): (main) [15,877] sent tokens successfully
D/TiFastDev( 319): (main) [1,878] Fastdev session handshake succesful.
I/TiApplication( 319): (main) [10,888] Titanium Javascript runtime: v8
D/dalvikvm( 319): Trying to load lib /data/data/com.appcelerator.TabGroup/lib/libstlport_shared.so 0x44ede560
D/dalvikvm( 319): Added shared lib /data/data/com.appcelerator.TabGroup/lib/libstlport_shared.so 0x44ede560
D/dalvikvm( 319): No JNI_OnLoad found in /data/data/com.appcelerator.TabGroup/lib/libstlport_shared.so 0x44ede560, skipping init
D/dalvikvm( 319): Trying to load lib /data/data/com.appcelerator.TabGroup/lib/libkroll-v8.so 0x44ede560
W/TiApplication( 319): (main) [57,945] activity stack is emtpy, unable to get current activity
I/TiRootActivity( 319): (main) [0,0] checkpoint, on root activity create, savedInstanceState: null
D/TiAnalyticsDb( 319): (main) [44,44] Creating Database tianalytics.db
I/TiAnalyticsDb( 319): (main) [5,49] Upgrading Database from 1 to 4
D/dalvikvm( 319): Added shared lib /data/data/com.appcelerator.TabGroup/lib/libkroll-v8.so 0x44ede560
W/TiApplication( 319): (main) [715,764] activity stack is emtpy, unable to get current activity
W/TiApplication( 319): (main) [0,764] activity stack is emtpy, unable to get current activity
W/TiApplication( 319): (main) [1,765] activity stack is emtpy, unable to get current activity
E/TiApplication( 319): (KrollRuntimeThread) [1341,2106] APP PROXY: ti.modules.titanium.app.AppModule@44ef4e18
D/TiAssetHelper( 319): Fetching "app.js" with Fastdev...
D/TiAssetHelper( 319): Fetching "ui.js" with Fastdev...
D/TiAssetHelper( 319): Fetching "smoke.js" with Fastdev...
D/TiAssetHelper( 319): Fetching "acceptance.js" with Fastdev...
D/TiAssetHelper( 319): Fetching "full.js" with Fastdev...
D/dalvikvm( 319): GC_FOR_MALLOC freed 5044 objects / 430248 bytes in 143ms
I/ActivityManager( 60): Starting activity: Intent { cmp=com.appcelerator.TabGroup/ti.modules.titanium.ui.TiTabActivity (has extras) }
I/TiRootActivity( 319): (main) [0,0] checkpoint, on root activity resume. activity = com.appcelerator.TabGroup.TabgroupActivity@44f47328
W/TiTabActivity( 319): (main) [465,465] Notifying TiTabGroup, activity is created
W/TiDrawableReference( 319): (main) [111,576] Could not open stream to get bitmap
W/TiDrawableReference( 319): (main) [74,650] Could not open stream to get bitmap
W/TiDrawableReference( 319): (main) [18,668] Could not open stream to get bitmap
W/TiDrawableReference( 319): (main) [11,679] Could not open stream to get bitmap
D/dalvikvm( 319): GC_EXTERNAL_ALLOC freed 2588 objects / 142064 bytes in 54ms
I/ActivityManager( 60): Displayed activity com.appcelerator.TabGroup/ti.modules.titanium.ui.TiTabActivity: 826 ms (total 44305 ms)
D/AndroidRuntime( 319): Shutting down VM
W/dalvikvm( 319): threadid=1: thread exiting with uncaught exception (group=0x4001d800)
E/TiApplication( 319): (main) [5720,6399] Sending event: exception on thread: main msg:java.lang.ClassCastException: ti.modules.titanium.ui.LabelProxy; Titanium 1.8.1,2012/01/27 17:31,a24502a
E/TiApplication( 319): java.lang.ClassCastException: ti.modules.titanium.ui.LabelProxy
E/TiApplication( 319): at ti.modules.titanium.ui.TabGroupProxy.handleMessage(TabGroupProxy.java:80)
E/TiApplication( 319): at android.os.Handler.dispatchMessage(Handler.java:95)
E/TiApplication( 319): at android.os.Looper.loop(Looper.java:123)
E/TiApplication( 319): at android.app.ActivityThread.main(ActivityThread.java:4627)
E/TiApplication( 319): at java.lang.reflect.Method.invokeNative(Native Method)
E/TiApplication( 319): at java.lang.reflect.Method.invoke(Method.java:521)
E/TiApplication( 319): at com.android.internal.os.ZygoteInit$MethodAndArgsCaller.run(ZygoteInit.java:868)
E/TiApplication( 319): at com.android.internal.os.ZygoteInit.main(ZygoteInit.java:626)
E/TiApplication( 319): at dalvik.system.NativeStart.main(Native Method)
E/AndroidRuntime( 319): FATAL EXCEPTION: main
E/AndroidRuntime( 319): java.lang.ClassCastException: ti.modules.titanium.ui.LabelProxy
E/AndroidRuntime( 319): at ti.modules.titanium.ui.TabGroupProxy.handleMessage(TabGroupProxy.java:80)
E/AndroidRuntime( 319): at android.os.Handler.dispatchMessage(Handler.java:95)
E/AndroidRuntime( 319): at android.os.Looper.loop(Looper.java:123)
E/AndroidRuntime( 319): at android.app.ActivityThread.main(ActivityThread.java:4627)
E/AndroidRuntime( 319): at java.lang.reflect.Method.invokeNative(Native Method)
E/AndroidRuntime( 319): at java.lang.reflect.Method.invoke(Method.java:521)
E/AndroidRuntime( 319): at com.android.internal.os.ZygoteInit$MethodAndArgsCaller.run(ZygoteInit.java:868)
E/AndroidRuntime( 319): at com.android.internal.os.ZygoteInit.main(ZygoteInit.java:626)
E/AndroidRuntime( 319): at dalvik.system.NativeStart.main(Native Method)
W/ActivityManager( 60): Force finishing activity com.appcelerator.TabGroup/ti.modules.titanium.ui.TiTabActivity
I/ARMAssembler( 60): generated scanline__00000077:03515104_00000000_00000000 [ 33 ipp] (47 ins) at [0x2e0268:0x2e0324] in 5115000 ns
W/ActivityManager( 60): Activity pause timeout for HistoryRecord{4506e288 com.appcelerator.TabGroup/ti.modules.titanium.ui.TiTabActivity}
W/ActivityManager( 60): Launch timeout has expired, giving up wake lock!
W/ActivityManager( 60): Activity idle timeout for HistoryRecord{44f79240 com.appcelerator.TabGroup/.TabgroupActivity}
I/Process ( 319): Sending signal. PID: 319 SIG: 9
I/ActivityManager( 60): Process com.appcelerator.TabGroup (pid 319) has died.
I/WindowManager( 60): WIN DEATH: Window{450b1bb8 com.appcelerator.TabGroup/ti.modules.titanium.ui.TiTabActivity paused=false}
I/WindowManager( 60): WIN DEATH: Window{4507c368 com.appcelerator.TabGroup/com.appcelerator.TabGroup.TabgroupActivity paused=false}
I/UsageStats( 60): Unexpected resume of com.android.launcher while already resumed in com.appcelerator.TabGroup
W/InputManagerService( 60): Got RemoteException sending setActive(false) notification to pid 319 uid 10042
W/ActivityManager( 60): Activity destroy timeout for HistoryRecord{4506e288 com.appcelerator.TabGroup/ti.modules.titanium.ui.TiTabActivity}
E/ThrottleService( 60): Error reading data file